{"version":"1.0","provider_name":"Ophta\u2019News 2026 \u2013 30\u00e8me \u00e9dition du Congr\u00e8s d\u2019Ophtalmologie | Nice 26-27 juin 2026","provider_url":"https:\/\/ophtanews.com\/en\/","author_name":"admin","author_url":"https:\/\/ophtanews.com\/en\/author\/cesar_l3zacbv6\/","title":"Esthetic'News - Ophta\u2019News 2026 \u2013 30\u00e8me \u00e9dition du Congr\u00e8s d\u2019Ophtalmologie | Nice 26-27 juin 2026","type":"rich","width":600,"height":338,"html":"<blockquote class=\"wp-embedded-content\" data-secret=\"moOMZ0PEdU\"><a href=\"https:\/\/ophtanews.com\/en\/ophtanews-congress\/estheticnews\/\">Esthetic&#8217;News<\/a><\/blockquote><iframe sandbox=\"allow-scripts\" security=\"restricted\" src=\"https:\/\/ophtanews.com\/en\/ophtanews-congress\/estheticnews\/embed\/#?secret=moOMZ0PEdU\" width=\"600\" height=\"338\" title=\"&#8220;Esthetic&#8217;News&#8221; &#8212; Ophta\u2019News 2026 \u2013 30\u00e8me \u00e9dition du Congr\u00e8s d\u2019Ophtalmologie | Nice 26-27 juin 2026\" data-secret=\"moOMZ0PEdU\" frameborder=\"0\" marginwidth=\"0\" marginheight=\"0\" scrolling=\"no\" class=\"wp-embedded-content\"><\/iframe><script type=\"text\/javascript\">\n\/* <![CDATA[ *\/\n\/*! This file is auto-generated *\/\n!function(d,l){\"use strict\";l.querySelector&&d.addEventListener&&\"undefined\"!=typeof URL&&(d.wp=d.wp||{},d.wp.receiveEmbedMessage||(d.wp.receiveEmbedMessage=function(e){var t=e.data;if((t||t.secret||t.message||t.value)&&!\/[^a-zA-Z0-9]\/.test(t.secret)){for(var s,r,n,a=l.querySelectorAll('iframe[data-secret=\"'+t.secret+'\"]'),o=l.querySelectorAll('blockquote[data-secret=\"'+t.secret+'\"]'),c=new RegExp(\"^https?:$\",\"i\"),i=0;i<o.length;i++)o[i].style.display=\"none\";for(i=0;i<a.length;i++)s=a[i],e.source===s.contentWindow&&(s.removeAttribute(\"style\"),\"height\"===t.message?(1e3<(r=parseInt(t.value,10))?r=1e3:~~r<200&&(r=200),s.height=r):\"link\"===t.message&&(r=new URL(s.getAttribute(\"src\")),n=new URL(t.value),c.test(n.protocol))&&n.host===r.host&&l.activeElement===s&&(d.top.location.href=t.value))}},d.addEventListener(\"message\",d.wp.receiveEmbedMessage,!1),l.addEventListener(\"DOMContentLoaded\",function(){for(var e,t,s=l.querySelectorAll(\"iframe.wp-embedded-content\"),r=0;r<s.length;r++)(t=(e=s[r]).getAttribute(\"data-secret\"))||(t=Math.random().toString(36).substring(2,12),e.src+=\"#?secret=\"+t,e.setAttribute(\"data-secret\",t)),e.contentWindow.postMessage({message:\"ready\",secret:t},\"*\")},!1)))}(window,document);\n\/\/# sourceURL=https:\/\/ophtanews.com\/wp-includes\/js\/wp-embed.min.js\n\/* ]]> *\/\n<\/script>\n","description":"Pr\u00e9-Prrogramme Esthetic&#8217;News Discover the full program and speaker lineup of Esthetic&#8217;News, the dedicated session on aesthetic. |Vendredi 20 Juin 2025 |Samedi 21 Juin 2025 Esth\u00e9tique Traitements par acide hyaluronique Dr Am\u00e9lie L\u2019HEUD\u00c9 (Nice) Prise en charge de l\u2019acn\u00e9 chez le jeune adulte Dr Camille GRANGEON (Nice) Smart lift sous anesth\u00e9sie locale ambulatoire Dr Uriel ASSOULINE [&hellip;]","thumbnail_url":"https:\/\/ophtanews.com\/wp-content\/uploads\/2024\/07\/cropped-Logo-Ophtanews-300x300.png"}

Ophta’News 2026 – 30ème édition du Congrès d’Ophtalmologie | Nice 26-27 juin 2026

Esthetic'News - Ophta’News 2026 – 30ème édition du Congrès d’Ophtalmologie | Nice 26-27 juin 2026

<blockquote class="wp-embedded-content" data-secret="moOMZ0PEdU"><a href="https://ophtanews.com/en/ophtanews-congress/estheticnews/">Esthetic&#8217;News</a></blockquote><iframe sandbox="allow-scripts" security="restricted" src="https://ophtanews.com/en/ophtanews-congress/estheticnews/embed/#?secret=moOMZ0PEdU" width="600" height="338" title="&#8220;Esthetic&#8217;News&#8221; &#8212; Ophta’News 2026 – 30ème édition du Congrès d’Ophtalmologie | Nice 26-27 juin 2026" data-secret="moOMZ0PEdU" frameborder="0" marginwidth="0" marginheight="0" scrolling="no" class="wp-embedded-content"></iframe><script type="text/javascript">
/* <![CDATA[ */
/*! This file is auto-generated */
!function(d,l){"use strict";l.querySelector&&d.addEventListener&&"undefined"!=typeof URL&&(d.wp=d.wp||{},d.wp.receiveEmbedMessage||(d.wp.receiveEmbedMessage=function(e){var t=e.data;if((t||t.secret||t.message||t.value)&&!/[^a-zA-Z0-9]/.test(t.secret)){for(var s,r,n,a=l.querySelectorAll('iframe[data-secret="'+t.secret+'"]'),o=l.querySelectorAll('blockquote[data-secret="'+t.secret+'"]'),c=new RegExp("^https?:$","i"),i=0;i<o.length;i++)o[i].style.display="none";for(i=0;i<a.length;i++)s=a[i],e.source===s.contentWindow&&(s.removeAttribute("style"),"height"===t.message?(1e3<(r=parseInt(t.value,10))?r=1e3:~~r<200&&(r=200),s.height=r):"link"===t.message&&(r=new URL(s.getAttribute("src")),n=new URL(t.value),c.test(n.protocol))&&n.host===r.host&&l.activeElement===s&&(d.top.location.href=t.value))}},d.addEventListener("message",d.wp.receiveEmbedMessage,!1),l.addEventListener("DOMContentLoaded",function(){for(var e,t,s=l.querySelectorAll("iframe.wp-embedded-content"),r=0;r<s.length;r++)(t=(e=s[r]).getAttribute("data-secret"))||(t=Math.random().toString(36).substring(2,12),e.src+="#?secret="+t,e.setAttribute("data-secret",t)),e.contentWindow.postMessage({message:"ready",secret:t},"*")},!1)))}(window,document);
//# sourceURL=https://ophtanews.com/wp-includes/js/wp-embed.min.js
/* ]]> */
</script>

Pré-Prrogramme Esthetic&#8217;News Discover the full program and speaker lineup of Esthetic&#8217;News, the dedicated session on aesthetic. |Vendredi 20 Juin 2025 |Samedi 21 Juin 2025 Esthétique Traitements par acide hyaluronique Dr Amélie L’HEUDÉ (Nice) Prise en charge de l’acné chez le jeune adulte Dr Camille GRANGEON (Nice) Smart lift sous anesthésie locale ambulatoire Dr Uriel ASSOULINE [&hellip;]
