{"id":18784,"date":"2026-02-09T14:51:11","date_gmt":"2026-02-09T14:51:11","guid":{"rendered":"https:\/\/ophtanews.com\/produit\/stand-or-tarif-au-09-02\/"},"modified":"2026-02-09T17:40:49","modified_gmt":"2026-02-09T17:40:49","slug":"stand-or-tarif-au-09-02","status":"publish","type":"product","link":"https:\/\/ophtanews.com\/en\/produit\/stand-or-tarif-au-09-02\/","title":{"rendered":"Stand Or (Tarif au 09\/02)"},"content":{"rendered":"<p>Grande surface d&#8217;exposition. Tarif \u00e9volutif selon la date.<\/p>\n","protected":false},"excerpt":{"rendered":"<p>Stand Partenaire Or. Tarif en vigueur jusqu&#8217;au 15\/02.<\/p>\n","protected":false},"featured_media":18857,"comment_status":"closed","ping_status":"closed","template":"","meta":[],"product_brand":[],"product_cat":[43],"product_tag":[40],"class_list":{"0":"post-18784","1":"product","2":"type-product","3":"status-publish","4":"has-post-thumbnail","6":"product_cat-43","7":"product_tag-stands","9":"first","10":"instock","11":"sold-individually","12":"shipping-taxable","13":"purchasable","14":"product-type-simple"},"exclude_global_add_ons":[],"addons":[],"yoast_head":"<!-- This site is optimized with the Yoast SEO plugin v27.4 - https:\/\/yoast.com\/product\/yoast-seo-wordpress\/ -->\n<title>Stand Or (Tarif au 09\/02) - Ophta\u2019News 2026 \u2013 30\u00e8me \u00e9dition du Congr\u00e8s d\u2019Ophtalmologie | Nice 26-27 juin 2026<\/title>\n<meta name=\"robots\" content=\"index, follow, max-snippet:-1, max-image-preview:large, max-video-preview:-1\" \/>\n<link rel=\"canonical\" href=\"https:\/\/ophtanews.com\/en\/produit\/stand-or-tarif-au-09-02\/\" \/>\n<meta property=\"og:locale\" content=\"en_US\" \/>\n<meta property=\"og:type\" content=\"article\" \/>\n<meta property=\"og:title\" content=\"Stand Or (Tarif au 09\/02) - Ophta\u2019News 2026 \u2013 30\u00e8me \u00e9dition du Congr\u00e8s d\u2019Ophtalmologie | Nice 26-27 juin 2026\" \/>\n<meta property=\"og:description\" content=\"Stand Partenaire Or. Tarif en vigueur jusqu&#039;au 15\/02.\" \/>\n<meta property=\"og:url\" content=\"https:\/\/ophtanews.com\/en\/produit\/stand-or-tarif-au-09-02\/\" \/>\n<meta property=\"og:site_name\" content=\"Ophta\u2019News 2026 \u2013 30\u00e8me \u00e9dition du Congr\u00e8s d\u2019Ophtalmologie | Nice 26-27 juin 2026\" \/>\n<meta property=\"article:modified_time\" content=\"2026-02-09T17:40:49+00:00\" \/>\n<meta property=\"og:image\" content=\"https:\/\/ophtanews.com\/wp-content\/uploads\/2026\/02\/unnamed-4.jpg\" \/>\n\t<meta property=\"og:image:width\" content=\"1024\" \/>\n\t<meta property=\"og:image:height\" content=\"1024\" \/>\n\t<meta property=\"og:image:type\" content=\"image\/jpeg\" \/>\n<meta name=\"twitter:card\" content=\"summary_large_image\" \/>\n<meta name=\"twitter:label1\" content=\"Est. reading time\" \/>\n\t<meta name=\"twitter:data1\" content=\"1 minute\" \/>\n<script type=\"application\/ld+json\" class=\"yoast-schema-graph\">{\"@context\":\"https:\\\/\\\/schema.org\",\"@graph\":[{\"@type\":\"WebPage\",\"@id\":\"https:\\\/\\\/ophtanews.com\\\/en\\\/produit\\\/stand-or-tarif-au-09-02\\\/\",\"url\":\"https:\\\/\\\/ophtanews.com\\\/en\\\/produit\\\/stand-or-tarif-au-09-02\\\/\",\"name\":\"Stand Or (Tarif au 09\\\/02) - Ophta\u2019News 2026 \u2013 30\u00e8me \u00e9dition du Congr\u00e8s d\u2019Ophtalmologie | Nice 26-27 juin 2026\",\"isPartOf\":{\"@id\":\"https:\\\/\\\/ophtanews.com\\\/en\\\/#website\"},\"primaryImageOfPage\":{\"@id\":\"https:\\\/\\\/ophtanews.com\\\/en\\\/produit\\\/stand-or-tarif-au-09-02\\\/#primaryimage\"},\"image\":{\"@id\":\"https:\\\/\\\/ophtanews.com\\\/en\\\/produit\\\/stand-or-tarif-au-09-02\\\/#primaryimage\"},\"thumbnailUrl\":\"https:\\\/\\\/ophtanews.com\\\/wp-content\\\/uploads\\\/2026\\\/02\\\/unnamed-4.jpg\",\"datePublished\":\"2026-02-09T14:51:11+00:00\",\"dateModified\":\"2026-02-09T17:40:49+00:00\",\"breadcrumb\":{\"@id\":\"https:\\\/\\\/ophtanews.com\\\/en\\\/produit\\\/stand-or-tarif-au-09-02\\\/#breadcrumb\"},\"inLanguage\":\"en-US\",\"potentialAction\":[{\"@type\":\"ReadAction\",\"target\":[\"https:\\\/\\\/ophtanews.com\\\/en\\\/produit\\\/stand-or-tarif-au-09-02\\\/\"]}]},{\"@type\":\"ImageObject\",\"inLanguage\":\"en-US\",\"@id\":\"https:\\\/\\\/ophtanews.com\\\/en\\\/produit\\\/stand-or-tarif-au-09-02\\\/#primaryimage\",\"url\":\"https:\\\/\\\/ophtanews.com\\\/wp-content\\\/uploads\\\/2026\\\/02\\\/unnamed-4.jpg\",\"contentUrl\":\"https:\\\/\\\/ophtanews.com\\\/wp-content\\\/uploads\\\/2026\\\/02\\\/unnamed-4.jpg\",\"width\":1024,\"height\":1024,\"caption\":\"Pack stand up or\"},{\"@type\":\"BreadcrumbList\",\"@id\":\"https:\\\/\\\/ophtanews.com\\\/en\\\/produit\\\/stand-or-tarif-au-09-02\\\/#breadcrumb\",\"itemListElement\":[{\"@type\":\"ListItem\",\"position\":1,\"name\":\"Accueil\",\"item\":\"https:\\\/\\\/ophtanews.com\\\/en\\\/\"},{\"@type\":\"ListItem\",\"position\":2,\"name\":\"Products\",\"item\":\"https:\\\/\\\/ophtanews.com\\\/en\\\/shop\\\/\"},{\"@type\":\"ListItem\",\"position\":3,\"name\":\"Stand Or (Tarif au 09\\\/02)\"}]},{\"@type\":\"WebSite\",\"@id\":\"https:\\\/\\\/ophtanews.com\\\/en\\\/#website\",\"url\":\"https:\\\/\\\/ophtanews.com\\\/en\\\/\",\"name\":\"Ophta\u2019News 2026 \u2013 30\u00e8me \u00e9dition du Congr\u00e8s d\u2019Ophtalmologie | Nice 26-27 juin 2026\",\"description\":\"Ophta&#039;News - Refractiv&#039;News - Retina&#039;News - Esthetic&#039;News - Palpebral&#039;News - Presbymania\",\"potentialAction\":[{\"@type\":\"SearchAction\",\"target\":{\"@type\":\"EntryPoint\",\"urlTemplate\":\"https:\\\/\\\/ophtanews.com\\\/en\\\/?s={search_term_string}\"},\"query-input\":{\"@type\":\"PropertyValueSpecification\",\"valueRequired\":true,\"valueName\":\"search_term_string\"}}],\"inLanguage\":\"en-US\"}]}<\/script>\n<!-- \/ Yoast SEO plugin. -->","yoast_head_json":{"title":"Stand Or (Tarif au 09\/02) - Ophta\u2019News 2026 \u2013 30\u00e8me \u00e9dition du Congr\u00e8s d\u2019Ophtalmologie | Nice 26-27 juin 2026","robots":{"index":"index","follow":"follow","max-snippet":"max-snippet:-1","max-image-preview":"max-image-preview:large","max-video-preview":"max-video-preview:-1"},"canonical":"https:\/\/ophtanews.com\/en\/produit\/stand-or-tarif-au-09-02\/","og_locale":"en_US","og_type":"article","og_title":"Stand Or (Tarif au 09\/02) - Ophta\u2019News 2026 \u2013 30\u00e8me \u00e9dition du Congr\u00e8s d\u2019Ophtalmologie | Nice 26-27 juin 2026","og_description":"Stand Partenaire Or. Tarif en vigueur jusqu'au 15\/02.","og_url":"https:\/\/ophtanews.com\/en\/produit\/stand-or-tarif-au-09-02\/","og_site_name":"Ophta\u2019News 2026 \u2013 30\u00e8me \u00e9dition du Congr\u00e8s d\u2019Ophtalmologie | Nice 26-27 juin 2026","article_modified_time":"2026-02-09T17:40:49+00:00","og_image":[{"width":1024,"height":1024,"url":"https:\/\/ophtanews.com\/wp-content\/uploads\/2026\/02\/unnamed-4.jpg","type":"image\/jpeg"}],"twitter_card":"summary_large_image","twitter_misc":{"Est. reading time":"1 minute"},"schema":{"@context":"https:\/\/schema.org","@graph":[{"@type":"WebPage","@id":"https:\/\/ophtanews.com\/en\/produit\/stand-or-tarif-au-09-02\/","url":"https:\/\/ophtanews.com\/en\/produit\/stand-or-tarif-au-09-02\/","name":"Stand Or (Tarif au 09\/02) - Ophta\u2019News 2026 \u2013 30\u00e8me \u00e9dition du Congr\u00e8s d\u2019Ophtalmologie | Nice 26-27 juin 2026","isPartOf":{"@id":"https:\/\/ophtanews.com\/en\/#website"},"primaryImageOfPage":{"@id":"https:\/\/ophtanews.com\/en\/produit\/stand-or-tarif-au-09-02\/#primaryimage"},"image":{"@id":"https:\/\/ophtanews.com\/en\/produit\/stand-or-tarif-au-09-02\/#primaryimage"},"thumbnailUrl":"https:\/\/ophtanews.com\/wp-content\/uploads\/2026\/02\/unnamed-4.jpg","datePublished":"2026-02-09T14:51:11+00:00","dateModified":"2026-02-09T17:40:49+00:00","breadcrumb":{"@id":"https:\/\/ophtanews.com\/en\/produit\/stand-or-tarif-au-09-02\/#breadcrumb"},"inLanguage":"en-US","potentialAction":[{"@type":"ReadAction","target":["https:\/\/ophtanews.com\/en\/produit\/stand-or-tarif-au-09-02\/"]}]},{"@type":"ImageObject","inLanguage":"en-US","@id":"https:\/\/ophtanews.com\/en\/produit\/stand-or-tarif-au-09-02\/#primaryimage","url":"https:\/\/ophtanews.com\/wp-content\/uploads\/2026\/02\/unnamed-4.jpg","contentUrl":"https:\/\/ophtanews.com\/wp-content\/uploads\/2026\/02\/unnamed-4.jpg","width":1024,"height":1024,"caption":"Pack stand up or"},{"@type":"BreadcrumbList","@id":"https:\/\/ophtanews.com\/en\/produit\/stand-or-tarif-au-09-02\/#breadcrumb","itemListElement":[{"@type":"ListItem","position":1,"name":"Accueil","item":"https:\/\/ophtanews.com\/en\/"},{"@type":"ListItem","position":2,"name":"Products","item":"https:\/\/ophtanews.com\/en\/shop\/"},{"@type":"ListItem","position":3,"name":"Stand Or (Tarif au 09\/02)"}]},{"@type":"WebSite","@id":"https:\/\/ophtanews.com\/en\/#website","url":"https:\/\/ophtanews.com\/en\/","name":"Ophta\u2019News 2026 \u2013 30\u00e8me \u00e9dition du Congr\u00e8s d\u2019Ophtalmologie | Nice 26-27 juin 2026","description":"Ophta&#039;News - Refractiv&#039;News - Retina&#039;News - Esthetic&#039;News - Palpebral&#039;News - Presbymania","potentialAction":[{"@type":"SearchAction","target":{"@type":"EntryPoint","urlTemplate":"https:\/\/ophtanews.com\/en\/?s={search_term_string}"},"query-input":{"@type":"PropertyValueSpecification","valueRequired":true,"valueName":"search_term_string"}}],"inLanguage":"en-US"}]}},"_links":{"self":[{"href":"https:\/\/ophtanews.com\/en\/wp-json\/wp\/v2\/product\/18784","targetHints":{"allow":["GET"]}}],"collection":[{"href":"https:\/\/ophtanews.com\/en\/wp-json\/wp\/v2\/product"}],"about":[{"href":"https:\/\/ophtanews.com\/en\/wp-json\/wp\/v2\/types\/product"}],"replies":[{"embeddable":true,"href":"https:\/\/ophtanews.com\/en\/wp-json\/wp\/v2\/comments?post=18784"}],"wp:featuredmedia":[{"embeddable":true,"href":"https:\/\/ophtanews.com\/en\/wp-json\/wp\/v2\/media\/18857"}],"wp:attachment":[{"href":"https:\/\/ophtanews.com\/en\/wp-json\/wp\/v2\/media?parent=18784"}],"wp:term":[{"taxonomy":"product_brand","embeddable":true,"href":"https:\/\/ophtanews.com\/en\/wp-json\/wp\/v2\/product_brand?post=18784"},{"taxonomy":"product_cat","embeddable":true,"href":"https:\/\/ophtanews.com\/en\/wp-json\/wp\/v2\/product_cat?post=18784"},{"taxonomy":"product_tag","embeddable":true,"href":"https:\/\/ophtanews.com\/en\/wp-json\/wp\/v2\/product_tag?post=18784"}],"curies":[{"name":"wp","href":"https:\/\/api.w.org\/{rel}","templated":true}]}}

<p>Grande surface d&#8217;exposition. Tarif évolutif selon la date.</p>

<!-- This site is optimized with the Yoast SEO plugin v27.4 - https://yoast.com/product/yoast-seo-wordpress/ -->
<title>Stand Or (Tarif au 09/02) - Ophta’News 2026 – 30ème édition du Congrès d’Ophtalmologie | Nice 26-27 juin 2026</title>
<meta name="robots" content="index, follow, max-snippet:-1, max-image-preview:large, max-video-preview:-1" />
<link rel="canonical" href="https://ophtanews.com/en/produit/stand-or-tarif-au-09-02/" />
<meta property="og:locale" content="en_US" />
<meta property="og:type" content="article" />
<meta property="og:title" content="Stand Or (Tarif au 09/02) - Ophta’News 2026 – 30ème édition du Congrès d’Ophtalmologie | Nice 26-27 juin 2026" />
<meta property="og:description" content="Stand Partenaire Or. Tarif en vigueur jusqu&#039;au 15/02." />
<meta property="og:url" content="https://ophtanews.com/en/produit/stand-or-tarif-au-09-02/" />
<meta property="og:site_name" content="Ophta’News 2026 – 30ème édition du Congrès d’Ophtalmologie | Nice 26-27 juin 2026" />
<meta property="article:modified_time" content="2026-02-09T17:40:49+00:00" />
<meta property="og:image" content="https://ophtanews.com/wp-content/uploads/2026/02/unnamed-4.jpg" />
	<meta property="og:image:width" content="1024" />
	<meta property="og:image:height" content="1024" />
	<meta property="og:image:type" content="image/jpeg" />
<meta name="twitter:card" content="summary_large_image" />
<meta name="twitter:label1" content="Est. reading time" />
	<meta name="twitter:data1" content="1 minute" />
<script type="application/ld+json" class="yoast-schema-graph">{"@context":"https:\/\/schema.org","@graph":[{"@type":"WebPage","@id":"https:\/\/ophtanews.com\/en\/produit\/stand-or-tarif-au-09-02\/","url":"https:\/\/ophtanews.com\/en\/produit\/stand-or-tarif-au-09-02\/","name":"Stand Or (Tarif au 09\/02) - Ophta’News 2026 – 30ème édition du Congrès d’Ophtalmologie | Nice 26-27 juin 2026","isPartOf":{"@id":"https:\/\/ophtanews.com\/en\/#website"},"primaryImageOfPage":{"@id":"https:\/\/ophtanews.com\/en\/produit\/stand-or-tarif-au-09-02\/#primaryimage"},"image":{"@id":"https:\/\/ophtanews.com\/en\/produit\/stand-or-tarif-au-09-02\/#primaryimage"},"thumbnailUrl":"https:\/\/ophtanews.com\/wp-content\/uploads\/2026\/02\/unnamed-4.jpg","datePublished":"2026-02-09T14:51:11+00:00","dateModified":"2026-02-09T17:40:49+00:00","breadcrumb":{"@id":"https:\/\/ophtanews.com\/en\/produit\/stand-or-tarif-au-09-02\/#breadcrumb"},"inLanguage":"en-US","potentialAction":[{"@type":"ReadAction","target":["https:\/\/ophtanews.com\/en\/produit\/stand-or-tarif-au-09-02\/"]}]},{"@type":"ImageObject","inLanguage":"en-US","@id":"https:\/\/ophtanews.com\/en\/produit\/stand-or-tarif-au-09-02\/#primaryimage","url":"https:\/\/ophtanews.com\/wp-content\/uploads\/2026\/02\/unnamed-4.jpg","contentUrl":"https:\/\/ophtanews.com\/wp-content\/uploads\/2026\/02\/unnamed-4.jpg","width":1024,"height":1024,"caption":"Pack stand up or"},{"@type":"BreadcrumbList","@id":"https:\/\/ophtanews.com\/en\/produit\/stand-or-tarif-au-09-02\/#breadcrumb","itemListElement":[{"@type":"ListItem","position":1,"name":"Accueil","item":"https:\/\/ophtanews.com\/en\/"},{"@type":"ListItem","position":2,"name":"Products","item":"https:\/\/ophtanews.com\/en\/shop\/"},{"@type":"ListItem","position":3,"name":"Stand Or (Tarif au 09\/02)"}]},{"@type":"WebSite","@id":"https:\/\/ophtanews.com\/en\/#website","url":"https:\/\/ophtanews.com\/en\/","name":"Ophta’News 2026 – 30ème édition du Congrès d’Ophtalmologie | Nice 26-27 juin 2026","description":"Ophta&#039;News - Refractiv&#039;News - Retina&#039;News - Esthetic&#039;News - Palpebral&#039;News - Presbymania","potentialAction":[{"@type":"SearchAction","target":{"@type":"EntryPoint","urlTemplate":"https:\/\/ophtanews.com\/en\/?s={search_term_string}"},"query-input":{"@type":"PropertyValueSpecification","valueRequired":true,"valueName":"search_term_string"}}],"inLanguage":"en-US"}]}</script>
<!-- / Yoast SEO plugin. -->

Stand Or (Tarif au 09/02) - Ophta’News 2026 – 30ème édition du Congrès d’Ophtalmologie | Nice 26-27 juin 2026

Ophta’News 2026 – 30ème édition du Congrès d’Ophtalmologie | Nice 26-27 juin 2026
